d(h)?
8
Let c = -5 - -9. Suppose 7 = c*p - 2*z + 1, 2*p + 4*z = 8. What is the units digit of -1 + 6 - 2/p?
4
Suppose -2*g - t = -27, 0*g - 4*t - 46 = -3*g. What is the units digit of g?
4
Let i(u) = 4*u. Let d be i(1). Let g = -12 + 20. Suppose -o = -2, d = 2*f - 5*o + g. What is the units digit of f?
3
Let o = 23 - 21. Let s(c) = -c**2 - c**3 + 0*c + 3 + 3*c**3 - 3*c. What is the units digit of s(o)?
9
Suppose -3*l - s = -4*l + 44, -2*s - 49 = -l. What is the tens digit of l?
3
Suppose 3*f + 17 = 5. Let x = f - -7. What is the units digit of x?
3
Suppose -3*u - 4*i - 125 = 0, u = -3*i - 25 - 20. Let n = -11 - u. What is the tens digit of n?
2
Let n be (-106)/(-3) - 7/21. Suppose 5*l = -s + 79, 0*l + 5*s - n = -l. Suppose 3*o = 3*y - 27, 2*o + 13 = 4*y - l. What is the units digit of y?
5
Let j = 45 + -6. What is the tens digit of j?
3
Let d(r) = -r**2 + 9*r - 3. Let s be d(7). Let h = -6 + s. Suppose h*k - 24 = 21. What is the units digit of k?
9
Suppose g - 6 = 3*g. What is the tens digit of g/2*(-4 - 6)?
1
Let w = 201 + -140. What is the units digit of w?
1
Let z(b) = 9*b**2. Let h be 3/(-5) - 64/(-40). What is the units digit of z(h)?
9
Suppose -6*d + 148 = 3*s - 2*d, -4 = -d. What is the units digit of s?
4
Let j = 16 - 14. What is the units digit of j?
2
Suppose 3*v + 4*r - 240 = 0, 5*v - 4*r - 432 = -0*v. What is the units digit of v?
4
Let c(r) = r - 6. Let h be c(6). Suppose 9 = s - k - h, 81 = 5*s + 4*k. What is the tens digit of 1/(1 + (-12)/s)?
1
Suppose -3*m + d = -362, 602 = 4*m + d + 131. What is the units digit of m?
9
Suppose 3*v = -t - 0*t + 312, 100 = v - t. What is the tens digit of v?
0
Let u(v) = -v**3 + 7*v**2 + 2*v - 1. What is the tens digit of u(5)?
5
Let n = 1 - 11. Let p(z) = z**2 + 8*z - 12. Let w be p(n). Let i = w - 2. What is the units digit of i?
6
Let b = -54 - -111. What is the units digit of b?
7
Suppose 4*l - i = 2*i - 4, l + 4*i - 18 = 0. Suppose -2*g - 67 = -3*m, 7 = l*m - 3*g - 36. What is the units digit of m?
3
Suppose -3*i + 3*z + 98 = 35, 0 = 3*i - z - 55. What is the units digit of i?
7
Let f(z) = z**3 + 7*z**2 - 10*z + 1. What is the units digit of f(-8)?
7
Let u(x) = x**2 - 3*x - 2. Let b be u(4). Let h = 56 + -48. Suppose 2*w = -m + 21 - h, 0 = -b*m + 3*w + 26. What is the units digit of m?
3
Let s(c) = 10*c**2 - 4*c + 4. What is the units digit of s(3)?
2
Suppose 8 = -3*u - u. What is the units digit of (-1 + -1)/u - -2?
3
Let h be (-3)/(((-2)/2)/1). Let o = h + 0. Suppose -3*a - 3*u - 36 = -7*a, 2*a = o*u + 24. What is the units digit of a?
6
What is the units digit of (36/14)/((-5)/(-385))?
8
Suppose -s + 0 = -3. Suppose 3*k = -5*c + 23, -3*k = c - s*c + 5. What is the units digit of (-13)/(-1) + k + -1?
3
What is the units digit of 5/(-7) - -1 - (-3900)/70?
6
Suppose -3*n = 5*g - 2*n - 10, 4*g - 3*n = 27. Let m(b) = b**2 - b + b + g*b - 2. What is the units digit of m(2)?
8
Suppose -x = -3*x + 6. Let w = 8 - x. Suppose 7*v = 3*v + 5*s + 45, 5*v = -w*s. What is the units digit of v?
5
Suppose -4 - 6 = -5*j. Suppose 0 = j*q - 7 - 3. Suppose x + q*h = -10, -21 - 11 = -4*x + 4*h. What is the units digit of x?
5
Let n = 120 + -61. What is the units digit of n?
9
Suppose c + 6 = -x, 17 = 3*c - 0*c - 4*x. What is the units digit of c/(-1*(-2)/(-10))?
5
Suppose -4 = -5*t + s - 8, 1 = -5*t + 4*s. Let y = t + 8. What is the units digit of 61/y + (-22)/(-77)?
9
Suppose -5 = -3*x + 22. Suppose 0 = 3*u + x, u = -4*z - z - 123. Let n = -10 - z. What is the tens digit of n?
1
Let z = 53 + -49. What is the units digit of z?
4
Suppose -4*s - 345 = -7*s. What is the hundreds digit of s?
1
Let y be (-1)/2 - 11/2. Let j(w) = 5*w**2 - 13*w - 11. Let r(s) = -3*s**2 + 9*s + 7. Let p(g) = -5*j(g) - 8*r(g). What is the units digit of p(y)?
5
Let v be (5/(-10))/((-1)/24). What is the tens digit of v/(-10)*125/(-10)?
1
Let f(j) = -j**2 - 4*j + 7. Let c be f(-5). Let w be (c/4)/((-2)/4). What is the units digit of (-1)/w*14/2?
7
Let u be 1*(3 + 3 + -3). Suppose 2*s + 2 = -0, -15 = u*m + 3*s. What is the units digit of 8/12*(-54)/m?
9
Let i = -7 + 43. Suppose 3*z + 0*z - i = 0. What is the units digit of z?
2
Suppose -12 = -3*s + 51. Suppose -s = -2*v + 29. What is the units digit of v?
5
Let b(x) = 2*x**2 + 6*x + 3. What is the tens digit of b(-4)?
1
Suppose a = 3*a - 4. Suppose -12 = -a*d + 8. Let w(m) = 3*m - 13. What is the tens digit of w(d)?
1
Suppose -325 = -5*d + 3*b + 696, -d = 4*b - 195. What is the units digit of d?
3
Let a = -47 - -162. Suppose 5*d = -s + 23, 5*s - a = 6*d - 3*d. Suppose 0 = -3*n - b + s, 2*n + 3*b = 7 - 1. What is the units digit of n?
9
Suppose 0 = -c + 2. Suppose -4*y - m = -69, -4*y - 4*m = -c*y - 24. What is the tens digit of y?
1
Let f(v) = v**2 + 3*v - 4. Let x be f(-4). Suppose 5*i - 9*i + 112 = x. What is the units digit of i?
8
Suppose -3*o - 3*x = -30, -28 - 2 = -3*o - 2*x. Suppose 5*z - 1 = 2*v, -3*z - o = 2*v + z. What is the units digit of 7 - 2*(-3)/v?
5
Suppose -9*q + 7*q + 140 = 0. What is the units digit of q?
0
Suppose 3*s = -2*s + 15. Suppose -s*k + 6 = -2*k. What is the units digit of k?
6
Suppose 5*q - 6 = 19, 4*n = 2*q + 106. Suppose 0 = i - 3 - n. What is the units digit of i?
2
Let r = -10 - -12. What is the units digit of (r/(-2))/(13/(-195))?
5
Let p(a) = -3*a**2 + 2*a - 3. Let r be p(2). Let q(d) = -d**3 - 10*d**2 + 10*d - 9. What is the units digit of q(r)?
2
Suppose 17*c - 21*c + 28 = 0. What is the units digit of c?
7
Let n(f) = -f**2 + 4*f + 6. Suppose b + b = 0. Suppose b = 6*y - y - 25. What is the units digit of n(y)?
1
Suppose -v + 3*v = -5*a + 11, 0 = -a + 1. Suppose v*o = -2*u + 63, -4*o - 3*u + 2*u + 79 = 0. What is the tens digit of o?
1
Let x = 8 - 7. What is the units digit of 4*(x + -1 + 1)?
4
Let u(q) = 6*q + 4. Let x(o) = -o - 1. Let f(c) = -u(c) - 4*x(c). What is the units digit of f(-4)?
8
Suppose 0 = 5*w + 9 - 4. What is the units digit of (-2)/(w - -2) - -11?
9
Let n be (-3)/2*(-24)/(-9). What is the units digit of ((-522)/n)/9*2?
9
Let f(j) = -j**2 - 7*j - 2. Let x be f(-6). Suppose 0 = x*z + z + 5*d - 65, -5*d + 54 = 4*z. What is the tens digit of z?
1
What is the tens digit of 260 + 0 - (1 + 1 + -4)?
6
Let z(i) = 4*i**2 - 3*i + 1. Let j be z(2). Suppose n - j = 15. What is the tens digit of n?
2
Let g(p) = p**2 - 3*p - 2. What is the units digit of g(-9)?
6
Let v(t) = -20*t + 5. What is the units digit of v(-2)?
5
Let x(r) = -r**3 - 3*r**2 - r + 7. What is the tens digit of x(-4)?
2
Suppose 4*m = 1 - 17. Let n(j) be the second derivative of -j**3/3 - 3*j**2/2 - 3*j. What is the units digit of n(m)?
5
Suppose 2*h - 30 = 6. Let c = h + -11. What is the units digit of c?
7
Let w(a) = -a**3 + 2*a**2 + 2*a + 3. Let n be w(0). What is the units digit of (4 + -2)*(-2 + n)?
2
Suppose 2*a = 4*d - 18, -5*d + 4*d + 2 = 2*a. What is the units digit of (6 - 6) + (a - -3)?
2
Let x(z) = z**2 + 5*z + 6. Let s be x(-6). Let u = s + -8. What is the units digit of u?
4
Let w(b) = -2*b + 3. Suppose 2*y - 5*y = 18. What is the units digit of w(y)?
5
What is the units digit of 54/4 + 2/(-4)?
3
Let w(r) = -r**2 - 4*r + 2. Let a = -5 - -1. What is the units digit of w(a)?
2
Suppose 761 = 6*q + 245. What is the tens digit of q?
8
Suppose 4*c + 5*o - 10 = -0*o, 2*c + o = 8. Suppose -4*d + 0 = -4. Suppose -t - d = 2*p, -c*p + 3 - 1 = t. What is the units digit of p?
1
Let s = -18 + 43. What is the units digit of s?
5
Let f(u) = -u**3 + 7*u**2 - 7*u + 4. Let t be f(6). What is the tens digit of (t - 1)/(3/(-12))?
1
Let g(c) be the first derivative of -c**4/4 - 14*c**3/3 + 11*c**2/2 - 20*c + 5. What is the tens digit of g(-15)?
4
Let b = -22 - -22. Suppose b = s + 8 - 25. What is the units digit of s?
7
Let d = -43 + 89. What is the units digit of d?
6
What is the units digit of -2*1*(-12)/8?
3
What is the tens digit of 242 - (2 + -4 - (-1 - 0))?
4
Let i = 8 + -6. Suppose -y + 3 = i. What is the units digit of (-3*(y + 0))/(-1)?
3
Let c = -43 - -69. What is the tens digit of c?
2
Let m(b) = -b**2 - 10*b - 1. Suppose -5*n = -2*g + 53, -2*g - 14 = 2*n - g. What is the units digit of m(n)?
8
Let x = -197 + 298. What is the hundreds digit of x?
1
Suppose 0*f - 5*f = -35. What is the units digit of f?
7
What is the units digit of 4*1 - (-9)/9?
5
Let b = 8 + -4. Suppose